{"id":2,"date":"2025-03-07T12:04:26","date_gmt":"2025-03-07T11:04:26","guid":{"rendered":"http:\/\/comm.radio-panisches-sachsen.de\/?page_id=2"},"modified":"2025-03-15T20:59:26","modified_gmt":"2025-03-15T19:59:26","slug":"beispiel-seite","status":"publish","type":"page","link":"https:\/\/comm.radio-panisches-sachsen.de\/?page_id=2","title":{"rendered":"Impressum"},"content":{"rendered":"<p>Gabi P\u00f6tsch<br \/>\nGuericke Str. 9<br \/>\n01257 Dresden<\/p>\n<p><strong>GEMA und GVL<\/strong><br \/>\nlaut.ag; Seilerstrasse 7; 78467 Konstanz<br \/>\nRadioPanisches Sachsen,eMail:radio-ps@t-online.de<\/p>\n<p><span style=\"font-size: 1rem;\">Der Nutzung von im Rahmen der Impressumspflicht ver\u00f6ffentlichten Kontaktdaten durch Dritte, zur \u00dcbersendung von nicht ausdr\u00fccklich angeforderter Werbung und Informationsmaterialien, wird hiermit ausdr\u00fccklich widersprochen. Die Betreiber der Seiten behalten sich ausdr\u00fccklich rechtliche Schritte im Falle der unverlangten Zusendung von Werbeinformationen, etwa durch Spam-Mails, vor. Dies gilt auch f\u00fcr die Verwendung hier aufgef\u00fchrter Daten in anderen Plattformen und Missbrauch der Daten zu anderen Zwecken (Bel\u00e4stigungen, \u00fcble Nachrede, Verleumdungen etc.).<\/span><\/p>\n","protected":false},"excerpt":{"rendered":"<p>Gabi P\u00f6tsch Guericke Str. 9 01257 Dresden GEMA und GVL laut.ag; Seilerstrasse 7; 78467 Konstanz RadioPanisches Sachsen,eMail:radio-ps@t-online.de Der Nutzung von im Rahmen der Impressumspflicht ver\u00f6ffentlichten Kontaktdaten durch Dritte, zur \u00dcbersendung von nicht ausdr\u00fccklich angeforderter Werbung und Informationsmaterialien, wird hiermit ausdr\u00fccklich widersprochen. Die Betreiber der Seiten behalten sich ausdr\u00fccklich rechtliche Schritte im Falle der unverlangten Zusendung&#8230;<\/p>\n<p class=\"more-link-wrap\"><a href=\"https:\/\/comm.radio-panisches-sachsen.de\/?page_id=2\" class=\"more-link\">Mehr lesen<span class=\"screen-reader-text\"> &ldquo;Impressum&rdquo;<\/span> &raquo;<\/a><\/p>\n","protected":false},"author":1,"featured_media":0,"parent":0,"menu_order":0,"comment_status":"closed","ping_status":"open","template":"","meta":{"_bbp_topic_count":0,"_bbp_reply_count":0,"_bbp_total_topic_count":0,"_bbp_total_reply_count":0,"_bbp_voice_count":0,"_bbp_anonymous_reply_count":0,"_bbp_topic_count_hidden":0,"_bbp_reply_count_hidden":0,"_bbp_forum_subforum_count":0,"footnotes":""},"class_list":["post-2","page","type-page","status-publish","hentry"],"_links":{"self":[{"href":"https:\/\/comm.radio-panisches-sachsen.de\/index.php?rest_route=\/wp\/v2\/pages\/2","targetHints":{"allow":["GET"]}}],"collection":[{"href":"https:\/\/comm.radio-panisches-sachsen.de\/index.php?rest_route=\/wp\/v2\/pages"}],"about":[{"href":"https:\/\/comm.radio-panisches-sachsen.de\/index.php?rest_route=\/wp\/v2\/types\/page"}],"author":[{"embeddable":true,"href":"https:\/\/comm.radio-panisches-sachsen.de\/index.php?rest_route=\/wp\/v2\/users\/1"}],"replies":[{"embeddable":true,"href":"https:\/\/comm.radio-panisches-sachsen.de\/index.php?rest_route=%2Fwp%2Fv2%2Fcomments&post=2"}],"version-history":[{"count":6,"href":"https:\/\/comm.radio-panisches-sachsen.de\/index.php?rest_route=\/wp\/v2\/pages\/2\/revisions"}],"predecessor-version":[{"id":633,"href":"https:\/\/comm.radio-panisches-sachsen.de\/index.php?rest_route=\/wp\/v2\/pages\/2\/revisions\/633"}],"wp:attachment":[{"href":"https:\/\/comm.radio-panisches-sachsen.de\/index.php?rest_route=%2Fwp%2Fv2%2Fmedia&parent=2"}],"curies":[{"name":"wp","href":"https:\/\/api.w.org\/{rel}","templated":true}]}}